{"id":1448,"date":"2021-11-16T15:12:41","date_gmt":"2021-11-16T14:12:41","guid":{"rendered":"http:\/\/ehpad-raymondpoulin.com\/?page_id=1448"},"modified":"2021-11-22T10:10:36","modified_gmt":"2021-11-22T09:10:36","slug":"accueil-temporaire","status":"publish","type":"page","link":"https:\/\/ehpad-raymondpoulin.com\/?page_id=1448","title":{"rendered":"Accueil temporaire"},"content":{"rendered":"<div data-colibri-id=\"1448-c1\" class=\"style-591 style-local-1448-c1 position-relative\">\n  <!---->\n  <div data-colibri-component=\"section\" data-colibri-id=\"1448-c2\" id=\"about-2\" class=\"h-section h-section-global-spacing d-flex align-items-lg-center align-items-md-center align-items-center style-648 style-local-1448-c2 position-relative\">\n    <!---->\n    <!---->\n    <div class=\"h-section-grid-container h-section-boxed-container\">\n      <!---->\n      <div data-colibri-id=\"1448-c3\" class=\"h-row-container gutters-row-lg-0 gutters-row-md-0 gutters-row-0 gutters-row-v-lg-0 gutters-row-v-md-0 gutters-row-v-0 style-649 style-local-1448-c3 position-relative\">\n        <!---->\n        <div class=\"h-row justify-content-lg-center justify-content-md-center justify-content-center align-items-lg-stretch align-items-md-stretch align-items-stretch gutters-col-lg-0 gutters-col-md-0 gutters-col-0 gutters-col-v-lg-0 gutters-col-v-md-0 gutters-col-v-0\">\n          <!---->\n          <div class=\"h-column h-column-container d-flex h-col-lg-auto h-col-md-auto h-col-auto style-650-outer style-local-1448-c4-outer\">\n            <div data-colibri-id=\"1448-c4\" class=\"d-flex h-flex-basis h-column__inner h-px-lg-2 h-px-md-2 h-px-2 v-inner-lg-2 v-inner-md-2 v-inner-2 style-650 style-local-1448-c4 position-relative\">\n              <!---->\n              <!---->\n              <div class=\"w-100 h-y-container h-column__content h-column__v-align flex-basis-100 align-self-lg-start align-self-md-start align-self-start\">\n                <!---->\n                <div data-colibri-id=\"1448-c5\" class=\"h-global-transition-all h-heading style-652 style-local-1448-c5 position-relative h-element\">\n                  <!---->\n                  <div class=\"h-heading__outer style-652 style-local-1448-c5\">\n                    <!---->\n                    <!---->\n                    <h2 class=\"\">&#8220;Accueil temporaire&#8221;<\/h2>\n                  <\/div>\n                <\/div>\n                <div data-colibri-id=\"1448-c6\" class=\"h-text h-text-component style-653 style-local-1448-c6 position-relative h-element\">\n                  <!---->\n                  <!---->\n                  <div class=\"\">\n                    <p>L<span style=\"font-size: 105%; color: rgb(0, 0, 0); font-family: Antic;\">\u2019\u00e9tablissement poss\u00e8de 12 chambres meubl\u00e9es d\u00e9di\u00e9es \u00e0 l\u2019h\u00e9bergement temporaire.<\/span><\/p>\n                    <p><span style=\"font-size: 105%; color: rgb(0, 0, 0); font-family: Antic;\">L\u2019h\u00e9bergement temporaire peut \u00eatre utilis\u00e9 dans diff\u00e9rentes situations par une personne \u00e2g\u00e9e :<\/span><\/p>\n                    <ul>\n                      <li><em style=\"font-size: 105%; color: rgb(0, 0, 0); font-family: Antic;\">Apr\u00e8s une hospitalisation, le temps de mettre en place une nouvelle organisation d\u2019aide \u00e0 domicile ou le temps de travaux d\u2019am\u00e9nagement.<\/em><\/li>\n                      <li><em style=\"font-size: 105%; color: rgb(0, 0, 0); font-family: Antic;\">En cas d&#8217;absence des proches (vacances des proches aidants par exemple).<\/em><\/li>\n                      <li><em style=\"font-size: 105%; color: rgb(0, 0, 0); font-family: Antic;\">Lorsque l&#8217;\u00e9tat de sant\u00e9 du proche aidant ne lui permet plus d&#8217;apporter l&#8217;aide habituelle (en cas d&#8217;hospitalisation ou de grande fatigue du proche aidant ou conjoint).<\/em><\/li>\n                      <li><em style=\"font-size: 105%; color: rgb(0, 0, 0); font-family: Antic;\">Besoin de se sentir entour\u00e9 lors d&#8217;une p\u00e9riode difficile (p\u00e9riode hivernale par exemple).<\/em><\/li>\n                      <li><em style=\"font-size: 105%; color: rgb(0, 0, 0); font-family: Antic;\">Pour venir d\u00e9couvrir la vie en EHPAD avant le choix d\u2019un<\/em><\/li>\n                    <\/ul>\n                    <p><em style=\"font-size: 105%; color: rgb(0, 0, 0); font-family: Antic;\">h\u00e9bergement permanent.<\/em><\/p>\n                    <p><span style=\"font-size: 105%; color: rgb(0, 0, 0); font-family: Antic;\">L\u2019h\u00e9bergement temporaire peut se d\u00e9rouler sur des p\u00e9riodes courtes r\u00e9p\u00e9t\u00e9es plusieurs fois dans l\u2019ann\u00e9e ou sur une plus longue p\u00e9riode.<\/span><\/p>\n                  <\/div>\n                <\/div>\n              <\/div>\n            <\/div>\n          <\/div>\n          <div data-aos=\"slideInRight\" class=\"h-column h-column-container d-flex h-col-lg-auto h-col-md-auto h-col-auto style-654-outer style-local-1448-c7-outer\">\n            <div data-colibri-id=\"1448-c7\" class=\"d-flex h-flex-basis h-column__inner h-ui-empty-state-container h-px-lg-2 h-px-md-2 h-px-2 v-inner-lg-2 v-inner-md-2 v-inner-2 style-654 style-local-1448-c7 position-relative\">\n              <!---->\n              <!---->\n              <div class=\"w-100 h-y-container h-column__content h-column__v-align flex-basis-100\">\n                <!---->\n              <\/div>\n            <\/div>\n          <\/div>\n        <\/div>\n      <\/div>\n    <\/div>\n  <\/div>\n<\/div>","protected":false},"excerpt":{"rendered":"<p>&#8220;Accueil temporaire&#8221; L\u2019\u00e9tablissement poss\u00e8de 12 chambres meubl\u00e9es d\u00e9di\u00e9es \u00e0 l\u2019h\u00e9bergement temporaire. L\u2019h\u00e9bergement temporaire peut \u00eatre utilis\u00e9 dans diff\u00e9rentes situations par une personne \u00e2g\u00e9e : Apr\u00e8s une hospitalisation, le temps de mettre en place une nouvelle organisation d\u2019aide \u00e0 domicile ou le temps de travaux d\u2019am\u00e9nagement. En cas d&#8217;absence des proches (vacances des proches aidants par [&hellip;]<\/p>\n","protected":false},"author":1,"featured_media":0,"parent":0,"menu_order":0,"comment_status":"closed","ping_status":"closed","template":"page-templates\/full-width-page.php","meta":[],"yoast_head":"<!-- This site is optimized with the Yoast SEO plugin v17.5 - https:\/\/yoast.com\/wordpress\/plugins\/seo\/ -->\n<title>Accueil temporaire - EHPAD Raymond Poulin<\/title>\n<meta name=\"robots\" content=\"index, follow, max-snippet:-1, max-image-preview:large, max-video-preview:-1\" \/>\n<link rel=\"canonical\" href=\"http:\/\/ehpad-raymondpoulin.com\/?page_id=1448\" \/>\n<meta property=\"og:locale\" content=\"fr_FR\" \/>\n<meta property=\"og:type\" content=\"article\" \/>\n<meta property=\"og:title\" content=\"Accueil temporaire - EHPAD Raymond Poulin\" \/>\n<meta property=\"og:description\" content=\"&#8220;Accueil temporaire&#8221; L\u2019\u00e9tablissement poss\u00e8de 12 chambres meubl\u00e9es d\u00e9di\u00e9es \u00e0 l\u2019h\u00e9bergement temporaire. L\u2019h\u00e9bergement temporaire peut \u00eatre utilis\u00e9 dans diff\u00e9rentes situations par une personne \u00e2g\u00e9e : Apr\u00e8s une hospitalisation, le temps de mettre en place une nouvelle organisation d\u2019aide \u00e0 domicile ou le temps de travaux d\u2019am\u00e9nagement. En cas d&#8217;absence des proches (vacances des proches aidants par [&hellip;]\" \/>\n<meta property=\"og:url\" content=\"http:\/\/ehpad-raymondpoulin.com\/?page_id=1448\" \/>\n<meta property=\"og:site_name\" content=\"EHPAD Raymond Poulin\" \/>\n<meta property=\"article:modified_time\" content=\"2021-11-22T09:10:36+00:00\" \/>\n<meta name=\"twitter:card\" content=\"summary_large_image\" \/>\n<meta name=\"twitter:label1\" content=\"Dur\u00e9e de lecture est.\" \/>\n\t<meta name=\"twitter:data1\" content=\"1 minute\" \/>\n<script type=\"application\/ld+json\" class=\"yoast-schema-graph\">{\"@context\":\"https:\/\/schema.org\",\"@graph\":[{\"@type\":\"WebSite\",\"@id\":\"http:\/\/ehpad-raymondpoulin.com\/#website\",\"url\":\"http:\/\/ehpad-raymondpoulin.com\/\",\"name\":\"EHPAD Raymond Poulin\",\"description\":\"EHPAD RAYMOND POULIN\",\"potentialAction\":[{\"@type\":\"SearchAction\",\"target\":{\"@type\":\"EntryPoint\",\"urlTemplate\":\"http:\/\/ehpad-raymondpoulin.com\/?s={search_term_string}\"},\"query-input\":\"required name=search_term_string\"}],\"inLanguage\":\"fr-FR\"},{\"@type\":\"WebPage\",\"@id\":\"http:\/\/ehpad-raymondpoulin.com\/?page_id=1448#webpage\",\"url\":\"http:\/\/ehpad-raymondpoulin.com\/?page_id=1448\",\"name\":\"Accueil temporaire - EHPAD Raymond Poulin\",\"isPartOf\":{\"@id\":\"http:\/\/ehpad-raymondpoulin.com\/#website\"},\"datePublished\":\"2021-11-16T14:12:41+00:00\",\"dateModified\":\"2021-11-22T09:10:36+00:00\",\"breadcrumb\":{\"@id\":\"http:\/\/ehpad-raymondpoulin.com\/?page_id=1448#breadcrumb\"},\"inLanguage\":\"fr-FR\",\"potentialAction\":[{\"@type\":\"ReadAction\",\"target\":[\"http:\/\/ehpad-raymondpoulin.com\/?page_id=1448\"]}]},{\"@type\":\"BreadcrumbList\",\"@id\":\"http:\/\/ehpad-raymondpoulin.com\/?page_id=1448#breadcrumb\",\"itemListElement\":[{\"@type\":\"ListItem\",\"position\":1,\"name\":\"Accueil\",\"item\":\"http:\/\/ehpad-raymondpoulin.com\/\"},{\"@type\":\"ListItem\",\"position\":2,\"name\":\"Accueil temporaire\"}]}]}<\/script>\n<!-- \/ Yoast SEO plugin. -->","yoast_head_json":{"title":"Accueil temporaire - EHPAD Raymond Poulin","robots":{"index":"index","follow":"follow","max-snippet":"max-snippet:-1","max-image-preview":"max-image-preview:large","max-video-preview":"max-video-preview:-1"},"canonical":"http:\/\/ehpad-raymondpoulin.com\/?page_id=1448","og_locale":"fr_FR","og_type":"article","og_title":"Accueil temporaire - EHPAD Raymond Poulin","og_description":"&#8220;Accueil temporaire&#8221; L\u2019\u00e9tablissement poss\u00e8de 12 chambres meubl\u00e9es d\u00e9di\u00e9es \u00e0 l\u2019h\u00e9bergement temporaire. L\u2019h\u00e9bergement temporaire peut \u00eatre utilis\u00e9 dans diff\u00e9rentes situations par une personne \u00e2g\u00e9e : Apr\u00e8s une hospitalisation, le temps de mettre en place une nouvelle organisation d\u2019aide \u00e0 domicile ou le temps de travaux d\u2019am\u00e9nagement. En cas d&#8217;absence des proches (vacances des proches aidants par [&hellip;]","og_url":"http:\/\/ehpad-raymondpoulin.com\/?page_id=1448","og_site_name":"EHPAD Raymond Poulin","article_modified_time":"2021-11-22T09:10:36+00:00","twitter_card":"summary_large_image","twitter_misc":{"Dur\u00e9e de lecture est.":"1 minute"},"schema":{"@context":"https:\/\/schema.org","@graph":[{"@type":"WebSite","@id":"http:\/\/ehpad-raymondpoulin.com\/#website","url":"http:\/\/ehpad-raymondpoulin.com\/","name":"EHPAD Raymond Poulin","description":"EHPAD RAYMOND POULIN","potentialAction":[{"@type":"SearchAction","target":{"@type":"EntryPoint","urlTemplate":"http:\/\/ehpad-raymondpoulin.com\/?s={search_term_string}"},"query-input":"required name=search_term_string"}],"inLanguage":"fr-FR"},{"@type":"WebPage","@id":"http:\/\/ehpad-raymondpoulin.com\/?page_id=1448#webpage","url":"http:\/\/ehpad-raymondpoulin.com\/?page_id=1448","name":"Accueil temporaire - EHPAD Raymond Poulin","isPartOf":{"@id":"http:\/\/ehpad-raymondpoulin.com\/#website"},"datePublished":"2021-11-16T14:12:41+00:00","dateModified":"2021-11-22T09:10:36+00:00","breadcrumb":{"@id":"http:\/\/ehpad-raymondpoulin.com\/?page_id=1448#breadcrumb"},"inLanguage":"fr-FR","potentialAction":[{"@type":"ReadAction","target":["http:\/\/ehpad-raymondpoulin.com\/?page_id=1448"]}]},{"@type":"BreadcrumbList","@id":"http:\/\/ehpad-raymondpoulin.com\/?page_id=1448#breadcrumb","itemListElement":[{"@type":"ListItem","position":1,"name":"Accueil","item":"http:\/\/ehpad-raymondpoulin.com\/"},{"@type":"ListItem","position":2,"name":"Accueil temporaire"}]}]}},"_links":{"self":[{"href":"https:\/\/ehpad-raymondpoulin.com\/index.php?rest_route=\/wp\/v2\/pages\/1448"}],"collection":[{"href":"https:\/\/ehpad-raymondpoulin.com\/index.php?rest_route=\/wp\/v2\/pages"}],"about":[{"href":"https:\/\/ehpad-raymondpoulin.com\/index.php?rest_route=\/wp\/v2\/types\/page"}],"author":[{"embeddable":true,"href":"https:\/\/ehpad-raymondpoulin.com\/index.php?rest_route=\/wp\/v2\/users\/1"}],"replies":[{"embeddable":true,"href":"https:\/\/ehpad-raymondpoulin.com\/index.php?rest_route=%2Fwp%2Fv2%2Fcomments&post=1448"}],"version-history":[{"count":20,"href":"https:\/\/ehpad-raymondpoulin.com\/index.php?rest_route=\/wp\/v2\/pages\/1448\/revisions"}],"predecessor-version":[{"id":2611,"href":"https:\/\/ehpad-raymondpoulin.com\/index.php?rest_route=\/wp\/v2\/pages\/1448\/revisions\/2611"}],"wp:attachment":[{"href":"https:\/\/ehpad-raymondpoulin.com\/index.php?rest_route=%2Fwp%2Fv2%2Fmedia&parent=1448"}],"curies":[{"name":"wp","href":"https:\/\/api.w.org\/{rel}","templated":true}]}}