{"id":206,"date":"2021-11-08T12:09:49","date_gmt":"2021-11-08T11:09:49","guid":{"rendered":"http:\/\/ehpad-raymondpoulin.com\/?page_id=206"},"modified":"2022-01-05T13:46:46","modified_gmt":"2022-01-05T12:46:46","slug":"visites","status":"publish","type":"page","link":"https:\/\/ehpad-raymondpoulin.com\/?page_id=206","title":{"rendered":"Visites"},"content":{"rendered":"<div data-colibri-id=\"206-c1\" class=\"style-264 style-local-206-c1 position-relative\">\n  <!---->\n  <div data-colibri-component=\"section\" data-colibri-id=\"206-c2\" id=\"about\" class=\"h-section h-section-global-spacing d-flex align-items-lg-center align-items-md-center align-items-center style-265 style-local-206-c2 position-relative\">\n    <!---->\n    <!---->\n    <div class=\"h-section-grid-container h-section-boxed-container\">\n      <!---->\n      <div data-colibri-id=\"206-c3\" class=\"h-row-container gutters-row-lg-2 gutters-row-md-2 gutters-row-0 gutters-row-v-lg-2 gutters-row-v-md-2 gutters-row-v-2 style-266 style-local-206-c3 position-relative\">\n        <!---->\n        <div class=\"h-row justify-content-lg-center justify-content-md-center justify-content-center align-items-lg-stretch align-items-md-stretch align-items-stretch gutters-col-lg-2 gutters-col-md-2 gutters-col-0 gutters-col-v-lg-2 gutters-col-v-md-2 gutters-col-v-2\">\n          <!---->\n          <div class=\"h-column h-column-container d-flex h-col-lg-auto h-col-md-auto h-col-auto style-267-outer style-local-206-c4-outer\">\n            <div data-colibri-id=\"206-c4\" class=\"d-flex h-flex-basis h-column__inner h-px-lg-0 h-px-md-0 h-px-0 v-inner-lg-0 v-inner-md-0 v-inner-0 style-267 style-local-206-c4 position-relative\">\n              <!---->\n              <!---->\n              <div class=\"w-100 h-y-container h-column__content h-column__v-align flex-basis-100 align-self-lg-start align-self-md-start align-self-start\">\n                <!---->\n                <div data-colibri-id=\"206-c5\" class=\"h-global-transition-all h-heading style-269 style-local-206-c5 position-relative h-element\">\n                  <!---->\n                  <div class=\"h-heading__outer style-269 style-local-206-c5\">\n                    <!---->\n                    <!---->\n                    <h2 class=\"\">&#8220;Les visites&#8221;<\/h2>\n                  <\/div>\n                <\/div>\n                <div data-colibri-id=\"206-c6\" class=\"h-text h-text-component style-270 style-local-206-c6 position-relative h-element\">\n                  <!---->\n                  <!---->\n                  <div class=\"\">\n                    <p><span style=\"font-size: 105%; font-family: Antic;\">Nous vous encourageons \u00e0 maintenir vos relations avec votre entourage. Les visites sont autoris\u00e9es, de pr\u00e9f\u00e9rence, tous les jours de 10h \u00e0 12h et de 14h \u00e0 19h.<\/span><\/p>\n                    <p><span style=\"font-size: 105%; font-family: Antic;\">Les r\u00e9sidents peuvent recevoir des invit\u00e9s au repas (12\u20ac par personne la semaine, 15\u20ac le week-end). Merci de le signaler au moins 48h \u00e0 l\u2019avance aupr\u00e8s de l\u2019accueil.<\/span><\/p>\n                    <p><span style=\"font-size: 105%; font-family: Antic;\">En cette p\u00e9riode Covid-19, le pass-sanitaire est obligatoire et doit \u00eatre pr\u00e9sent\u00e9 \u00e0 l\u2019arriv\u00e9e. Le port du masque est obligatoire dans l\u2019\u00e9tablissement.<\/span><\/p>\n                  <\/div>\n                <\/div>\n              <\/div>\n            <\/div>\n          <\/div>\n          <div data-aos=\"slideInRight\" class=\"h-column h-column-container d-flex h-col-lg-auto h-col-md-auto h-col-auto style-271-outer style-local-206-c7-outer\">\n            <div data-colibri-id=\"206-c7\" class=\"d-flex h-flex-basis h-column__inner h-ui-empty-state-container h-px-lg-2 h-px-md-2 h-px-2 v-inner-lg-2 v-inner-md-2 v-inner-2 style-271 style-local-206-c7 position-relative\">\n              <!---->\n              <!---->\n              <div class=\"w-100 h-y-container h-column__content h-column__v-align flex-basis-100\">\n                <!---->\n              <\/div>\n            <\/div>\n          <\/div>\n        <\/div>\n      <\/div>\n    <\/div>\n  <\/div>\n<\/div>","protected":false},"excerpt":{"rendered":"<p>&#8220;Les visites&#8221; Nous vous encourageons \u00e0 maintenir vos relations avec votre entourage. Les visites sont autoris\u00e9es, de pr\u00e9f\u00e9rence, tous les jours de 10h \u00e0 12h et de 14h \u00e0 19h. Les r\u00e9sidents peuvent recevoir des invit\u00e9s au repas (12\u20ac par personne la semaine, 15\u20ac le week-end). Merci de le signaler au moins 48h \u00e0 l\u2019avance [&hellip;]<\/p>\n","protected":false},"author":1,"featured_media":0,"parent":0,"menu_order":0,"comment_status":"closed","ping_status":"closed","template":"page-templates\/full-width-page.php","meta":[],"yoast_head":"<!-- This site is optimized with the Yoast SEO plugin v17.5 - https:\/\/yoast.com\/wordpress\/plugins\/seo\/ -->\n<title>Visites - EHPAD Raymond Poulin<\/title>\n<meta name=\"robots\" content=\"index, follow, max-snippet:-1, max-image-preview:large, max-video-preview:-1\" \/>\n<link rel=\"canonical\" href=\"http:\/\/ehpad-raymondpoulin.com\/?page_id=206\" \/>\n<meta property=\"og:locale\" content=\"fr_FR\" \/>\n<meta property=\"og:type\" content=\"article\" \/>\n<meta property=\"og:title\" content=\"Visites - EHPAD Raymond Poulin\" \/>\n<meta property=\"og:description\" content=\"&#8220;Les visites&#8221; Nous vous encourageons \u00e0 maintenir vos relations avec votre entourage. Les visites sont autoris\u00e9es, de pr\u00e9f\u00e9rence, tous les jours de 10h \u00e0 12h et de 14h \u00e0 19h. Les r\u00e9sidents peuvent recevoir des invit\u00e9s au repas (12\u20ac par personne la semaine, 15\u20ac le week-end). Merci de le signaler au moins 48h \u00e0 l\u2019avance [&hellip;]\" \/>\n<meta property=\"og:url\" content=\"http:\/\/ehpad-raymondpoulin.com\/?page_id=206\" \/>\n<meta property=\"og:site_name\" content=\"EHPAD Raymond Poulin\" \/>\n<meta property=\"article:modified_time\" content=\"2022-01-05T12:46:46+00:00\" \/>\n<meta name=\"twitter:card\" content=\"summary_large_image\" \/>\n<script type=\"application\/ld+json\" class=\"yoast-schema-graph\">{\"@context\":\"https:\/\/schema.org\",\"@graph\":[{\"@type\":\"WebSite\",\"@id\":\"http:\/\/ehpad-raymondpoulin.com\/#website\",\"url\":\"http:\/\/ehpad-raymondpoulin.com\/\",\"name\":\"EHPAD Raymond Poulin\",\"description\":\"EHPAD RAYMOND POULIN\",\"potentialAction\":[{\"@type\":\"SearchAction\",\"target\":{\"@type\":\"EntryPoint\",\"urlTemplate\":\"http:\/\/ehpad-raymondpoulin.com\/?s={search_term_string}\"},\"query-input\":\"required name=search_term_string\"}],\"inLanguage\":\"fr-FR\"},{\"@type\":\"WebPage\",\"@id\":\"http:\/\/ehpad-raymondpoulin.com\/?page_id=206#webpage\",\"url\":\"http:\/\/ehpad-raymondpoulin.com\/?page_id=206\",\"name\":\"Visites - EHPAD Raymond Poulin\",\"isPartOf\":{\"@id\":\"http:\/\/ehpad-raymondpoulin.com\/#website\"},\"datePublished\":\"2021-11-08T11:09:49+00:00\",\"dateModified\":\"2022-01-05T12:46:46+00:00\",\"breadcrumb\":{\"@id\":\"http:\/\/ehpad-raymondpoulin.com\/?page_id=206#breadcrumb\"},\"inLanguage\":\"fr-FR\",\"potentialAction\":[{\"@type\":\"ReadAction\",\"target\":[\"http:\/\/ehpad-raymondpoulin.com\/?page_id=206\"]}]},{\"@type\":\"BreadcrumbList\",\"@id\":\"http:\/\/ehpad-raymondpoulin.com\/?page_id=206#breadcrumb\",\"itemListElement\":[{\"@type\":\"ListItem\",\"position\":1,\"name\":\"Accueil\",\"item\":\"http:\/\/ehpad-raymondpoulin.com\/\"},{\"@type\":\"ListItem\",\"position\":2,\"name\":\"Visites\"}]}]}<\/script>\n<!-- \/ Yoast SEO plugin. -->","yoast_head_json":{"title":"Visites - EHPAD Raymond Poulin","robots":{"index":"index","follow":"follow","max-snippet":"max-snippet:-1","max-image-preview":"max-image-preview:large","max-video-preview":"max-video-preview:-1"},"canonical":"http:\/\/ehpad-raymondpoulin.com\/?page_id=206","og_locale":"fr_FR","og_type":"article","og_title":"Visites - EHPAD Raymond Poulin","og_description":"&#8220;Les visites&#8221; Nous vous encourageons \u00e0 maintenir vos relations avec votre entourage. Les visites sont autoris\u00e9es, de pr\u00e9f\u00e9rence, tous les jours de 10h \u00e0 12h et de 14h \u00e0 19h. Les r\u00e9sidents peuvent recevoir des invit\u00e9s au repas (12\u20ac par personne la semaine, 15\u20ac le week-end). Merci de le signaler au moins 48h \u00e0 l\u2019avance [&hellip;]","og_url":"http:\/\/ehpad-raymondpoulin.com\/?page_id=206","og_site_name":"EHPAD Raymond Poulin","article_modified_time":"2022-01-05T12:46:46+00:00","twitter_card":"summary_large_image","schema":{"@context":"https:\/\/schema.org","@graph":[{"@type":"WebSite","@id":"http:\/\/ehpad-raymondpoulin.com\/#website","url":"http:\/\/ehpad-raymondpoulin.com\/","name":"EHPAD Raymond Poulin","description":"EHPAD RAYMOND POULIN","potentialAction":[{"@type":"SearchAction","target":{"@type":"EntryPoint","urlTemplate":"http:\/\/ehpad-raymondpoulin.com\/?s={search_term_string}"},"query-input":"required name=search_term_string"}],"inLanguage":"fr-FR"},{"@type":"WebPage","@id":"http:\/\/ehpad-raymondpoulin.com\/?page_id=206#webpage","url":"http:\/\/ehpad-raymondpoulin.com\/?page_id=206","name":"Visites - EHPAD Raymond Poulin","isPartOf":{"@id":"http:\/\/ehpad-raymondpoulin.com\/#website"},"datePublished":"2021-11-08T11:09:49+00:00","dateModified":"2022-01-05T12:46:46+00:00","breadcrumb":{"@id":"http:\/\/ehpad-raymondpoulin.com\/?page_id=206#breadcrumb"},"inLanguage":"fr-FR","potentialAction":[{"@type":"ReadAction","target":["http:\/\/ehpad-raymondpoulin.com\/?page_id=206"]}]},{"@type":"BreadcrumbList","@id":"http:\/\/ehpad-raymondpoulin.com\/?page_id=206#breadcrumb","itemListElement":[{"@type":"ListItem","position":1,"name":"Accueil","item":"http:\/\/ehpad-raymondpoulin.com\/"},{"@type":"ListItem","position":2,"name":"Visites"}]}]}},"_links":{"self":[{"href":"https:\/\/ehpad-raymondpoulin.com\/index.php?rest_route=\/wp\/v2\/pages\/206"}],"collection":[{"href":"https:\/\/ehpad-raymondpoulin.com\/index.php?rest_route=\/wp\/v2\/pages"}],"about":[{"href":"https:\/\/ehpad-raymondpoulin.com\/index.php?rest_route=\/wp\/v2\/types\/page"}],"author":[{"embeddable":true,"href":"https:\/\/ehpad-raymondpoulin.com\/index.php?rest_route=\/wp\/v2\/users\/1"}],"replies":[{"embeddable":true,"href":"https:\/\/ehpad-raymondpoulin.com\/index.php?rest_route=%2Fwp%2Fv2%2Fcomments&post=206"}],"version-history":[{"count":11,"href":"https:\/\/ehpad-raymondpoulin.com\/index.php?rest_route=\/wp\/v2\/pages\/206\/revisions"}],"predecessor-version":[{"id":2848,"href":"https:\/\/ehpad-raymondpoulin.com\/index.php?rest_route=\/wp\/v2\/pages\/206\/revisions\/2848"}],"wp:attachment":[{"href":"https:\/\/ehpad-raymondpoulin.com\/index.php?rest_route=%2Fwp%2Fv2%2Fmedia&parent=206"}],"curies":[{"name":"wp","href":"https:\/\/api.w.org\/{rel}","templated":true}]}}